 by 53?
2
What is the remainder when 319 is divided by 22?
11
What is the remainder when 892 is divided by 9?
1
What is the remainder when 254 is divided by 16?
14
What is the remainder when 56 is divided by 15?
11
Calculate the remainder when 1667 is divided by 22.
17
What is the remainder when 1085 is divided by 68?
65
Calculate the remainder when 557 is divided by 16.
13
Calculate the remainder when 213 is divided by 99.
15
Calculate the remainder when 112 is divided by 30.
22
Calculate the remainder when 315 is divided by 14.
7
Calculate the remainder when 34 is divided by 9.
7
What is the remainder when 33 is divided by 5?
3
Calculate the remainder when 19 is divided by 5.
4
Calculate the remainder when 330 is divided by 29.
11
Calculate the remainder when 908 is divided by 35.
33
What is the remainder when 1813 is divided by 122?
105
Calculate the remainder when 2295 is divided by 105.
90
Calculate the remainder when 50 is divided by 28.
22
What is the remainder when 1417 is divided by 158?
153
What is the remainder when 2438 is divided by 40?
38
What is the remainder when 549 is divided by 79?
75
Calculate the remainder when 1418 is divided by 240.
218
What is the remainder when 1255 is divided by 35?
30
Calculate the remainder when 27 is divided by 20.
7
What is the remainder when 16 is divided by 4?
0
Calculate the remainder when 5235 is divided by 34.
33
What is the remainder when 27 is divided by 3?
0
What is the remainder when 25 is divided by 1?
0
Calculate the remainder when 276 is divided by 20.
16
What is the remainder when 690 is divided by 76?
6
Calculate the remainder when 3674 is divided by 26.
8
Calculate the remainder when 121 is divided by 28.
9
What is the remainder when 9047 is divided by 124?
119
Calculate the remainder when 80 is divided by 23.
11
Calculate the remainder when 425 is divided by 79.
30
What is the remainder when 29 is divided by 8?
5
Calculate the remainder when 4419 is divided by 170.
169
Calculate the remainder when 1917 is divided by 40.
37
Calculate the remainder when 330 is divided by 159.
12
Calculate the remainder when 4421 is divided by 56.
53
Calculate the remainder when 1164 is divided by 53.
51
What is the remainder when 1460 is divided by 183?
179
What is the remainder when 33 is divided by 8?
1
Calculate the remainder when 303 is divided by 16.
15
Calculate the remainder when 145 is divided by 43.
16
What is the remainder when 6722 is divided by 82?
80
Calculate the remainder when 2618 is divided by 119.
0
What is the remainder when 23703 is divided by 18?
15
Calculate the remainder when 62 is divided by 3.
2
Calculate the remainder when 1217 is divided by 12.
5
What is the remainder when 339 is divided by 20?
19
What is the remainder when 87 is divided by 3?
0
What is the remainder when 1714 is divided by 12?
10
Calculate the remainder when 60 is divided by 26.
8
Calculate the remainder when 9113 is divided by 65.
13
Calculate the remainder when 1552 is divided by 69.
34
What is the remainder when 139 is divided by 7?
6
What is the remainder when 126 is divided by 35?
21
Calculate the remainder when 66 is divided by 23.
20
Calculate the remainder when 181 is divided by 55.
16
Calculate the remainder when 287 is divided by 12.
11
Calculate the remainder when 3537 is divided by 58.
57
Calculate the remainder when 44 is divided by 18.
8
What is the remainder when 22269 is divided by 174?
171
What is the remainder when 368 is divided by 93?
89
Calculate the remainder when 172 is divided by 129.
43
What is the remainder when 168 is divided by 5?
3
Calculate the remainder when 787 is divided by 72.
67
Calculate the remainder when 782 is divided by 3.
2
What is the remainder when 183 is divided by 9?
3
Calculate the remainder when 987 is divided by 715.
272
What is the remainder when 134 is divided by 33?
2
What is the remainder when 177 is divided by 53?
18
What is the remainder when 504 is divided by 132?
108
Calculate the remainder when 2023 is divided by 92.
91
What is the remainder when 178 is divided by 90?
88
What is the remainder when 649 is divided by 235?
179
What is the remainder when 81 is divided by 17?
13
Calculate the remainder when 1634 is divided by 266.
38
What is the remainder when 193 is divided by 102?
91
What is the remainder when 391 is divided by 14?
13
Calculate the remainder when 711 is divided by 144.
135
Calculate the remainder when 440 is divided by 114.
98
Calculate the remainder when 495 is divided by 83.
80
Calculate the remainder when 155 is divided by 52.
51
Calculate the remainder when 346 is divided by 70.
66
What is the remainder when 318 is divided by 32?
30
What is the remainder when 7952 is divided by 41?
39
Calculate the remainder when 227 is divided by 3.
2
Calculate the remainder when 181 is divided by 91.
90
What is the remainder when 5377 is divided by 234?
229
What is the remainder when 214 is divided by 33?
16
What is the remainder when 94 is divided by 15?
4
What is the remainder when 479 is divided by 20?
19
Calculate the remainder when 4921 is divided by 34.
25
Calculate the remainder when 80 is divided by 43.
37
What is the remainder when 646 is divided by 81?
79
What is the remainder when 168 is divided by 22?
14
What is the remainder when 16516 is divided by 472?
468
Calculate the remainder when 352 is divided by 42.
16
Calculate the remainder when 284 is divided by 19.
18
Calculate the remainder when 1320 is divided by 1.
0
What is the remainder when 1309 is divided by 212?
37
Calculate the remainder when 39846 is divided by 359.
356
What is the remainder when 4281 is divided by 63?
60
What is the remainder when 796 is divided by 149?
51
What is the remainder when 414 is divided by 100?
14
What is the remainder when 191 is divided by 50?
41
What is the remainder when 778 is divided by 34?
30
What is the remainder when 171 is divided by 18?
9
Calculate the remainder when 896 is divided by 298.
2
What is the remainder when 440 is divided by 17?
15
Calculate the remainder when 496 is divided by 50.
46
Calculate the remainder when 151 is divided by 38.
37
Calculate the remainder when 117 is divided by 26.
13
What is the remainder when 379 is divided by 48?
43
Calculate the remainder when 97 is divided by 90.
7
Calculate the remainder when 4390 is divided by 22.
12
Calculate the remainder when 791 is divided by 132.
131
Calculate the remainder when 502 is divided by 10.
2
What is the remainder when 538 is divided by 50?
38
Calculate the remainder when 3239 is divided by 27.
26
Calculate the remainder when 908 is divided by 10.
8
What is the remainder when 134 is divided by 22?
2
What is the remainder when 1051 is divided by 117?
115
Calculate the remainder when 4977 is divided by 166.
163
Calculate the remainder when 42 is divided by 5.
2
Calculate the remainder when 3662 is divided by 94.
90
Calculate the remainder when 123 is divided by 109.
14
What is the remainder when 366 is divided by 6?
0
Calculate the remainder when 446 is divided by 113.
107
What is the remainder when 68 is divided by 35?
33
What is the remainder when 1460 is divided by 190?
130
Calculate the remainder when 439 is divided by 97.
51
What is the remainder when 4047 is divided by 135?
132
What is the remainder when 244 is divided by 64?
52
Calculate the remainder when 37 is divided by 35.
2
What is the remainder when 254 is divided by 64?
62
What is the remainder when 27528 is divided by 57?
54
What is the remainder when 6089 is divided by 5?
4
What is the remainder when 217 is divided by 20?
17
Calculate the remainder when 44 is divided by 18.
8
Calculate the remainder when 422 is divided by 9.
8
What is the remainder when 293 is divided by 151?
142
Calculate the remainder when 2057 is divided by 513.
5
What is the remainder when 81 is divided by 14?
11
Calculate the remainder when 74 is divided by 66.
8
Calculate the remainder when 411 is divided by 193.
25
What is the remainder when 3224 is divided by 537?
2
Calculate the remainder when 468 is divided by 18.
0
What is the remainder when 351 is divided by 41?
23
What is the remainder when 5026 is divided by 66?
10
What is the remainder when 7963 is divided by 14?
11
What is the remainder when 94 is divided by 3?
1
Cal